6*m - 2103 = 3*m, -5*w + m = -3475. Suppose l + 2 = -0*l, 4*q + 2*l = w. What are the prime factors of q?
5, 7
Suppose 127*q = 123*q - 3*d + 10349, -3*q = 3*d - 7764. What are the prime factors of q?
5, 11, 47
Suppose -46*m - 21*m = -5120743. What are the prime factors of m?
23, 3323
List the prime factors of 1 + 9 + (403354/14 - -20).
151, 191
List the prime factors of (-76)/(-57)*(139 + 3 + -1) - -3.
191
Suppose 0 = g - 5*g - 4*v - 2372, -g - 587 = 4*v. What are the prime factors of (-53210)/g + (-1 - (-11)/7)?
2, 3, 5
Suppose 5*t - 5*a = -0*a + 6630, 0 = -5*t - a + 6660. Suppose -4*v = 5*s + 36 - t, -3*v + s + 995 = 0. List the prime factors of v.
2, 3, 5, 11
Let q(u) be the first derivative of 10/3*u**3 - 5/2*u**2 + 6 - 6*u. List the prime factors of q(-4).
2, 3, 29
Let w = 191 - 186. Suppose -w*s = -s - 1860. What are the prime factors of s?
3, 5, 31
Let w be (2 + (-20)/8)*0. Suppose 3*f - 8*f = w. Suppose f = -2*v + 129 + 83. List the prime factors of v.
2, 53
Suppose 2304*v + 45272 = 2312*v. What are the prime factors of v?
5659
Suppose 3*y + 2*c - 5*c - 30 = 0, -3*y + 33 = -4*c. Suppose -5406 = f - y*f. What are the prime factors of f?
17, 53
Let o(m) = 3*m**2 + 45*m - 28. Suppose -3*n - 70 = l, -4*n + 6*n + 52 = -2*l. List the prime factors of o(n).
2, 7, 31
Let s be 0/(-2) - (-1 - -1)/(-3). Suppose -v + n + 2004 = s, 0 = -4*v + n - 6*n + 8007. List the prime factors of v.
2003
Suppose 0 = -8*a + 5*a + 1632. Suppose 3*q = -a + 2014. What are the prime factors of q?
2, 5, 7
Let m(n) = 13*n + 51. Let i be m(-4). What are the prime factors of (i + -1 + 3)*519 - -4?
523
Let o(f) = -f**3 - 13*f**2 + 5*f + 9. Let z be o(-13). Let s = -55 - z. List the prime factors of s + 104 + -1 + -1.
103
Suppose 14 = -6*n + 20*n. List the prime factors of 403 + 1/n*(5 - 5).
13, 31
Suppose -2*n + 2*t = -15628, -54*t + 7811 = n - 56*t. List the prime factors of n.
7817
Let c be (0 + 1)/((-2)/(-10)). Let m(l) = -4*l - 11*l - 9 + l**2 - c*l - 2*l**2. List the prime factors of m(-19).
2, 5
Let y(q) = -171*q. Let l be y(1). Let p be (9/(-24))/1 - 6105/(-24). Let o = l + p. List the prime factors of o.
83
Suppose 4*i + 4 = 5*x, 3*x = x + 2*i. Let a be x/(4 - 1206/303). Suppose 141 = 3*f + k - 65, 5*k = -3*f + a. List the prime factors of f.
3, 23
Suppose -3*n + 20 = -2*d, -17*d = -16*d + 4. Suppose n*s - 1932 = -3*c, -54*c = -3*s - 55*c + 1454. What are the prime factors of s?
2, 3
Let z(d) = 558*d**2 - 90*d + 746. What are the prime factors of z(7)?
2, 13729
Suppose 0 = -5*p - s + 76837, -2*p - 476*s = -477*s - 30725. What are the prime factors of p?
2, 3, 13, 197
Suppose 0 = 10*y - 7*y - 18. Let a be 872/(-20) + y/(-15). Let t = 28 - a. List the prime factors of t.
2, 3
Let w = -216 + 334. Let p = w - -210. List the prime factors of p.
2, 41
List the prime factors of (-19239)/(-6)*(10 + 9/(18/(-16))).
11, 53
Let u be -1 + -1 + 11/((-44)/(-360)). Let h = u + 169. What are the prime factors of h?
257
Suppose 0 = 2*i + 3*j - 1, 4*i - 5*j + 2 = -7. List the prime factors of 54/36*(i - -369).
2, 3, 23
Suppose 2268 = 13*r - 1775. Suppose 6*u = 1309 + r. What are the prime factors of u?
2, 3, 5
Suppose y = -2*l + 30, 7*l - 6*l - 2*y = 15. Suppose -c - 5*r + 25 = 0, -5*c + 10*c + l = 3*r. Suppose c = 14*v - 9*v - 65. What are the prime factors of v?
13
Let l = -82307 + 140643. List the prime factors of l.
2, 1823
Let u(q) = 9*q - 3. Let j be u(6). Let c(y) = -y**2 + 75*y - 450. Let k be c(11). Let a = k - j. What are the prime factors of a?
7, 29
Suppose -6425 = -3*t + 6*d - 8*d, -5*t = 4*d - 10711. List the prime factors of t.
3, 23, 31
Let c = 2178 + -1029. Let y = -787 + c. List the prime factors of y.
2, 181
Let r(f) = -2*f - 11. Let z be r(-7). Let v(a) = -a**3 + 3 - 2*a**3 - 3*a**2 + 2*a**z - 3*a + 0. List the prime factors of v(-3).
2, 3
Let h(o) = -180*o + 8. Let l be h(3). What are the prime factors of (-4 + 1 + 1)/(8/l)?
7, 19
Let d = -3165 + 4482. List the prime factors of d.
3, 439
Suppose -202 = -p - 2*b + 1366, 3*p - 5*b = 4671. Suppose -2*q - 1318 = -p. What are the prime factors of q?
2, 61
Let v be (-5)/(-25) + 63/(-15). Let c(t) = 8*t**2 - 3*t - 2. Let x be c(v). Suppose 38 = -4*q + x. List the prime factors of q.
5
Suppose -410*j + 426*j = 28240. What are the prime factors of j?
5, 353
Let m = 48833 - 21719. What are the prime factors of m?
2, 3, 4519
Suppose 157*x = 115*x + 35910. List the prime factors of x.
3, 5, 19
Suppose -13*p + 9*p = -24. Let h = 119 + p. Suppose 0 = -6*y + 13 + h. List the prime factors of y.
23
Suppose 16*j - 4*k - 10231 = 15*j, 4*k - 20402 = -2*j. What are the prime factors of j?
10211
Suppose 0 = d + 21*d - 5*d. Suppose h = -4*q + 183, h + 5*q - 223 + 36 = d. What are the prime factors of h?
167
Suppose 0 = 2*q - 1279*y + 1283*y - 35504, 4*q = 3*y + 71019. List the prime factors of q.
2, 3, 11, 269
Let c be 1 + 4 + 0 + -5. What are the prime factors of 6 - 8*-31 - c?
2, 127
Suppose 6*d + 52 = -104. Let j = d + 349. What are the prime factors of j?
17, 19
Let l(p) = 23*p**3 + p**2 - p - 6. Let v be l(3). Suppose 4*i - 2*f - 825 = -f, 0 = 3*i - 3*f - v. List the prime factors of i.
2, 103
Suppose -6*r = -r - 560. Let m(o) = o**3 + 51*o**2 + 46*o - 15. Let z be m(-50). Let c = z - r. List the prime factors of c.
73
Let h(u) be the third derivative of u**5/15 - 23*u**4/24 + 10*u**3/3 + 65*u**2. List the prime factors of h(9).
137
Suppose -t - 3*n = -6010, -52*t = -56*t - 4*n + 24064. What are the prime factors of t?
13, 463
Let b = -6612 - -9752. Suppose 0*z = 10*z - b. List the prime factors of z.
2, 157
Let j(r) = 338 + r**3 - 3*r**2 + r + r**2 - 344. List the prime factors of j(8).
2, 193
Suppose -274 = 21*g - 85. What are the prime factors of 21724/28 + g - (-1)/7?
13, 59
Suppose 2*n - s = 9, 17 = -6*n + 2*n - 5*s. Suppose n*i - m - 115 = 6*i, m = i + 25. List the prime factors of (2 - (-68)/i) + 1529/7.
2, 109
Suppose 6*m + 2288 = 14*m. Suppose 0 = -2*t + 494 + m. Suppose -5*z = 85 - t. What are the prime factors of z?
61
Suppose -1908 = -206*v + 203*v. Suppose z - v = 647. What are the prime factors of z?
1283
Let j = -2008 + 3508. Let a = 2540 - j. What are the prime factors of a?
2, 5, 13
Let n(a) = 200*a + 12. Let p(d) = 9*d + 67. Let x be p(-7). List the prime factors of n(x).
2, 7, 29
Let b(t) be the third derivative of -t**4/6 - 4*t**3 - 12*t**2. Let r be b(-7). What are the prime factors of 1/28*1244 + r/7?
3, 5
List the prime factors of (13 + 456/(-18))/(2/(-540)).
2, 3, 5, 37
Let r(s) = -1519*s - 409. List the prime factors of r(-4).
3, 1889
Let c(u) = u - 4. Let r be c(8). Suppose -r*a + 109 = d, -5*a + 2*d + 145 = 5*d. Suppose 3*g = -0*x + 3*x + 21, a = 4*g - 3*x. List the prime factors of g.
5
Suppose -4*v = 3*u - 2226, -309 - 239 = -v - 5*u. Let q = -280 + v. What are the prime factors of q?
2, 139
Suppose -3*m = -3*c + 749 - 4583, 2*c = 4*m - 2566. Let b = c - -2378. What are the prime factors of b?
5, 13, 17
Suppose -41*n + 4*k = -42*n + 17, 5*k - 5 = 2*n. Suppose -8*w - 5*v = -3*w - 505, 404 = 4*w - 4*v. Suppose 0 = n*o - 944 - w. List the prime factors of o.
11, 19
Let b(u) = u**3 - u + 97. What are the prime factors of b(13)?
2281
Suppose 21*f - 35*f = 70. List the prime factors of (4 - -136)*(f + 4)*-1.
2, 5, 7
Let m(c) = 4*c**2 + 1. Let o be m(1). Let x be (-4)/2*o/5. What are the prime factors of 3 + 1 + (-62)/x?
5, 7
Let y(f) = 160*f**3 - f**2 + f + 1. Let j be y(-1). Let k be j/(-69) + (-2)/6. List the prime factors of 2 - (k/(-8) - 503/4).
2
Let a(y) = y**2 + 22*y + 97. Let v be a(-14). Let c = 366 - v. What are the prime factors of c?
3, 127
Suppose 96*n = 100*n + 836. Let o = n - -502. List the prime factors of o.
293
Let c(u) = 454*u**2 - 435*u - 27. What are the prime factors of c(8)?
29, 881
Let a = 137 - 98. Suppose 0 = -3*s + 24 - a. What are the prime factors of 31/(-2)*(-5 + (s - 2))?
2, 3, 31
Let m be -35*((5904/15)/(-8) + 6). Suppose -5*p - 3861 = -4*c, -3*c + 4431 = 4*p + m. List the prime factors of c.
3, 17, 19
Let i(h) = h**3 - 11*h**2 - 25*h + 39. Suppose 184 = b + 166. List the prime factors of i(b).
3, 619
Let f = -8910 - -17095. List the prime factors of f.
5, 1637
Suppose -9*b - 3*b - 1308 = 0. Let t = b - -669. What are the prime factors of t?
2, 5, 7
Let j(s) = 5*s. Le